{"id":194,"date":"2025-10-22T13:50:48","date_gmt":"2025-10-22T13:50:48","guid":{"rendered":"https:\/\/focus-medias.com\/?page_id=194"},"modified":"2025-11-12T15:07:39","modified_gmt":"2025-11-12T15:07:39","slug":"mentions-legales","status":"publish","type":"page","link":"https:\/\/focus-medias.com\/?page_id=194","title":{"rendered":"Mentions l\u00e9gales"},"content":{"rendered":"\t\t<div data-elementor-type=\"wp-page\" data-elementor-id=\"194\" class=\"elementor elementor-194\" data-elementor-post-type=\"page\">\n\t\t\t\t<div class=\"elementor-element elementor-element-b2afe0e e-flex e-con-boxed e-con e-parent\" data-id=\"b2afe0e\" data-element_type=\"container\">\n\t\t\t\t\t<div class=\"e-con-inner\">\n\t\t\t\t<div class=\"elementor-element elementor-element-3dcf18a elementor-widget elementor-widget-text-editor\" data-id=\"3dcf18a\" data-element_type=\"widget\" data-widget_type=\"text-editor.default\">\n\t\t\t\t\t\t\t\t\t<p><strong>Mentions l\u00e9gales<\/strong><\/p><p>Le site internet \u00ab\u00a0focus-medias.com\u00a0\u00bb est administr\u00e9 par la soci\u00e9t\u00e9\u00a0:<br \/>Focus 2A, SAS au capital de 1000\u20ac<br \/>73 avenue du Mar\u00e9chal Foch, 92210 Saint-Cloud \u2013 France<br \/>RCS Nanterre 897\u00a0719 340<br \/>Siret\u00a0:\u00a0897 719 340<\/p><p><strong>Conception et r\u00e9alisation<\/strong> : ClicPulse &#8211; 101 rue Gallieni &#8211; 92100 Boulogne-Billancourt<\/p><p><strong>H\u00e9bergement<\/strong> :\u00a0OVH &#8211; 2 Rue Kellerman &#8211; BP 80157 &#8211; 59053 Roubaix Cedex 1 \u2013 France<\/p><p><strong>Donn\u00e9es personnelles<\/strong><br \/>En application de la loi Informatique et Libert\u00e9s du 6 janvier 1978, vous disposez d&rsquo;un droit d&rsquo;acc\u00e8s, de modification, de rectification et de suppression des donn\u00e9es vous concernant.\u00a0\u2028Vous pouvez exercer ce droit en nous envoyant un e-mail (contact@focus-medias.com) ou un courrier (Focus M\u00e9dias &#8211; 73 avenue du Mar\u00e9chal Foch, 92210 Saint-Cloud &#8211; France).<\/p><p><strong>Cookies<\/strong><br \/>L\u2019utilisateur est inform\u00e9 que www.focus-medias.com peut utiliser des cookies, fichiers texte envoy\u00e9s au navigateur et stock\u00e9s dans son ordinateur, qu\u2019il pourra supprimer \u00e0 tout moment au travers de son navigateur.<\/p><p><strong>Informations<\/strong><br \/>Les informations communiqu\u00e9es sur ce site web sont prot\u00e9g\u00e9es. Elles ne peuvent \u00eatre utilis\u00e9es, ni reproduites sans une autorisation pr\u00e9alable \u00e9crite de \u00ab\u00a0Focus M\u00e9dias \u00bb.<\/p>\t\t\t\t\t\t\t\t<\/div>\n\t\t\t\t\t<\/div>\n\t\t\t\t<\/div>\n\t\t\t\t<\/div>\n\t\t","protected":false},"excerpt":{"rendered":"<p>Mentions l\u00e9gales Le site internet \u00ab\u00a0focus-medias.com\u00a0\u00bb est administr\u00e9 par la soci\u00e9t\u00e9\u00a0:Focus 2A, SAS au capital de 1000\u20ac73 avenue du Mar\u00e9chal Foch, 92210 Saint-Cloud \u2013 FranceRCS Nanterre 897\u00a0719 340Siret\u00a0:\u00a0897 719 340 Conception et r\u00e9alisation : ClicPulse &#8211; 101 rue Gallieni &#8211; 92100 Boulogne-Billancourt H\u00e9bergement :\u00a0OVH &#8211; 2 Rue Kellerman &#8211; BP 80157 &#8211; 59053 Roubaix Cedex [&hellip;]<\/p>\n","protected":false},"author":1,"featured_media":0,"parent":0,"menu_order":0,"comment_status":"closed","ping_status":"closed","template":"elementor_header_footer","meta":{"footnotes":""},"class_list":["post-194","page","type-page","status-publish","hentry"],"yoast_head":"<!-- This site is optimized with the Yoast SEO plugin v26.1.1 - https:\/\/yoast.com\/wordpress\/plugins\/seo\/ -->\n<title>Mentions l\u00e9gales - Focus M\u00e9dias<\/title>\n<meta name=\"robots\" content=\"index, follow, max-snippet:-1, max-image-preview:large, max-video-preview:-1\" \/>\n<link rel=\"canonical\" href=\"https:\/\/focus-medias.com\/?page_id=194\" \/>\n<meta property=\"og:locale\" content=\"fr_FR\" \/>\n<meta property=\"og:type\" content=\"article\" \/>\n<meta property=\"og:title\" content=\"Mentions l\u00e9gales - Focus M\u00e9dias\" \/>\n<meta property=\"og:description\" content=\"Mentions l\u00e9gales Le site internet \u00ab\u00a0focus-medias.com\u00a0\u00bb est administr\u00e9 par la soci\u00e9t\u00e9\u00a0:Focus 2A, SAS au capital de 1000\u20ac73 avenue du Mar\u00e9chal Foch, 92210 Saint-Cloud \u2013 FranceRCS Nanterre 897\u00a0719 340Siret\u00a0:\u00a0897 719 340 Conception et r\u00e9alisation : ClicPulse &#8211; 101 rue Gallieni &#8211; 92100 Boulogne-Billancourt H\u00e9bergement :\u00a0OVH &#8211; 2 Rue Kellerman &#8211; BP 80157 &#8211; 59053 Roubaix Cedex [&hellip;]\" \/>\n<meta property=\"og:url\" content=\"https:\/\/focus-medias.com\/?page_id=194\" \/>\n<meta property=\"og:site_name\" content=\"Focus M\u00e9dias\" \/>\n<meta property=\"article:modified_time\" content=\"2025-11-12T15:07:39+00:00\" \/>\n<meta name=\"twitter:card\" content=\"summary_large_image\" \/>\n<meta name=\"twitter:label1\" content=\"Dur\u00e9e de lecture estim\u00e9e\" \/>\n\t<meta name=\"twitter:data1\" content=\"1 minute\" \/>\n<script type=\"application\/ld+json\" class=\"yoast-schema-graph\">{\"@context\":\"https:\/\/schema.org\",\"@graph\":[{\"@type\":\"WebPage\",\"@id\":\"https:\/\/focus-medias.com\/?page_id=194\",\"url\":\"https:\/\/focus-medias.com\/?page_id=194\",\"name\":\"Mentions l\u00e9gales - Focus M\u00e9dias\",\"isPartOf\":{\"@id\":\"https:\/\/focus-medias.com\/#website\"},\"datePublished\":\"2025-10-22T13:50:48+00:00\",\"dateModified\":\"2025-11-12T15:07:39+00:00\",\"breadcrumb\":{\"@id\":\"https:\/\/focus-medias.com\/?page_id=194#breadcrumb\"},\"inLanguage\":\"fr-FR\",\"potentialAction\":[{\"@type\":\"ReadAction\",\"target\":[\"https:\/\/focus-medias.com\/?page_id=194\"]}]},{\"@type\":\"BreadcrumbList\",\"@id\":\"https:\/\/focus-medias.com\/?page_id=194#breadcrumb\",\"itemListElement\":[{\"@type\":\"ListItem\",\"position\":1,\"name\":\"Home\",\"item\":\"https:\/\/focus-medias.com\/\"},{\"@type\":\"ListItem\",\"position\":2,\"name\":\"Mentions l\u00e9gales\"}]},{\"@type\":\"WebSite\",\"@id\":\"https:\/\/focus-medias.com\/#website\",\"url\":\"https:\/\/focus-medias.com\/\",\"name\":\"Focus M\u00e9dias\",\"description\":\"\",\"potentialAction\":[{\"@type\":\"SearchAction\",\"target\":{\"@type\":\"EntryPoint\",\"urlTemplate\":\"https:\/\/focus-medias.com\/?s={search_term_string}\"},\"query-input\":{\"@type\":\"PropertyValueSpecification\",\"valueRequired\":true,\"valueName\":\"search_term_string\"}}],\"inLanguage\":\"fr-FR\"}]}<\/script>\n<!-- \/ Yoast SEO plugin. -->","yoast_head_json":{"title":"Mentions l\u00e9gales - Focus M\u00e9dias","robots":{"index":"index","follow":"follow","max-snippet":"max-snippet:-1","max-image-preview":"max-image-preview:large","max-video-preview":"max-video-preview:-1"},"canonical":"https:\/\/focus-medias.com\/?page_id=194","og_locale":"fr_FR","og_type":"article","og_title":"Mentions l\u00e9gales - Focus M\u00e9dias","og_description":"Mentions l\u00e9gales Le site internet \u00ab\u00a0focus-medias.com\u00a0\u00bb est administr\u00e9 par la soci\u00e9t\u00e9\u00a0:Focus 2A, SAS au capital de 1000\u20ac73 avenue du Mar\u00e9chal Foch, 92210 Saint-Cloud \u2013 FranceRCS Nanterre 897\u00a0719 340Siret\u00a0:\u00a0897 719 340 Conception et r\u00e9alisation : ClicPulse &#8211; 101 rue Gallieni &#8211; 92100 Boulogne-Billancourt H\u00e9bergement :\u00a0OVH &#8211; 2 Rue Kellerman &#8211; BP 80157 &#8211; 59053 Roubaix Cedex [&hellip;]","og_url":"https:\/\/focus-medias.com\/?page_id=194","og_site_name":"Focus M\u00e9dias","article_modified_time":"2025-11-12T15:07:39+00:00","twitter_card":"summary_large_image","twitter_misc":{"Dur\u00e9e de lecture estim\u00e9e":"1 minute"},"schema":{"@context":"https:\/\/schema.org","@graph":[{"@type":"WebPage","@id":"https:\/\/focus-medias.com\/?page_id=194","url":"https:\/\/focus-medias.com\/?page_id=194","name":"Mentions l\u00e9gales - Focus M\u00e9dias","isPartOf":{"@id":"https:\/\/focus-medias.com\/#website"},"datePublished":"2025-10-22T13:50:48+00:00","dateModified":"2025-11-12T15:07:39+00:00","breadcrumb":{"@id":"https:\/\/focus-medias.com\/?page_id=194#breadcrumb"},"inLanguage":"fr-FR","potentialAction":[{"@type":"ReadAction","target":["https:\/\/focus-medias.com\/?page_id=194"]}]},{"@type":"BreadcrumbList","@id":"https:\/\/focus-medias.com\/?page_id=194#breadcrumb","itemListElement":[{"@type":"ListItem","position":1,"name":"Home","item":"https:\/\/focus-medias.com\/"},{"@type":"ListItem","position":2,"name":"Mentions l\u00e9gales"}]},{"@type":"WebSite","@id":"https:\/\/focus-medias.com\/#website","url":"https:\/\/focus-medias.com\/","name":"Focus M\u00e9dias","description":"","potentialAction":[{"@type":"SearchAction","target":{"@type":"EntryPoint","urlTemplate":"https:\/\/focus-medias.com\/?s={search_term_string}"},"query-input":{"@type":"PropertyValueSpecification","valueRequired":true,"valueName":"search_term_string"}}],"inLanguage":"fr-FR"}]}},"_links":{"self":[{"href":"https:\/\/focus-medias.com\/index.php?rest_route=\/wp\/v2\/pages\/194","targetHints":{"allow":["GET"]}}],"collection":[{"href":"https:\/\/focus-medias.com\/index.php?rest_route=\/wp\/v2\/pages"}],"about":[{"href":"https:\/\/focus-medias.com\/index.php?rest_route=\/wp\/v2\/types\/page"}],"author":[{"embeddable":true,"href":"https:\/\/focus-medias.com\/index.php?rest_route=\/wp\/v2\/users\/1"}],"replies":[{"embeddable":true,"href":"https:\/\/focus-medias.com\/index.php?rest_route=%2Fwp%2Fv2%2Fcomments&post=194"}],"version-history":[{"count":13,"href":"https:\/\/focus-medias.com\/index.php?rest_route=\/wp\/v2\/pages\/194\/revisions"}],"predecessor-version":[{"id":478,"href":"https:\/\/focus-medias.com\/index.php?rest_route=\/wp\/v2\/pages\/194\/revisions\/478"}],"wp:attachment":[{"href":"https:\/\/focus-medias.com\/index.php?rest_route=%2Fwp%2Fv2%2Fmedia&parent=194"}],"curies":[{"name":"wp","href":"https:\/\/api.w.org\/{rel}","templated":true}]}}